Let t = 2 - 1. Calculate c(t).
-2
Let u(t) = -t**2 - 11*t + 5. Let h be u(-11). Let d = h - 8. Let l(b) = -b**2 + 3. Calculate l(d).
-6
Let r be 7 - 1/((-3)/(-9)). Let y(j) = j + 4 - r + 3 - 2*j. Determine y(6).
-3
Suppose 0 = -4*g - 0*g + 24. Let o(a) = -3*a**3 + 9*a**2 - 6*a - 1. Let r(m) = -7*m**3 + 19*m**2 - 13*m - 1. Let z(f) = 5*o(f) - 2*r(f). Calculate z(g).
9
Let d(l) be the second derivative of -l**4/12 - 4*l**3/3 - 9*l**2/2 - 7*l. Calculate d(-7).
-2
Let y(p) = -6*p - 22 - 4*p + p**2 + 27. Calculate y(10).
5
Let y(w) = w - 2. Let z be 2/(2/(-3)) - 1. Determine y(z).
-6
Let w = -283/2 + 142. Let a(r) be the first derivative of -4 + 5*r + w*r**2. What is a(0)?
5
Let w be (2/(-4))/((-1)/(-8)). Let h(k) = -k**3 - 5*k**2 - 6*k - 4. Give h(w).
4
Let m(g) = g**2 + 9*g + 10. Suppose -2*z + 5*n - 5 = -1, -z - 2*n - 11 = 0. Give m(z).
-4
Let c = 7 - 3. Let u(h) = 4*h + c + 3*h - 3*h - 5*h. What is u(-4)?
8
Let y(u) be the second derivative of u**5/120 + u**4/6 - u**3/3 + 2*u. Let v(s) be the second derivative of y(s). Suppose 7*z - 2*z = 20. Give v(z).
8
Let l(w) = 2*w**2 + 2*w + 4. Let x(s) = s + 12. Let u be x(-10). Suppose u*y - 6 = 4*y. What is l(y)?
16
Let o = 2 + -2. Suppose o = -3*z - z. Suppose c = -z*c + 2. Let u(x) = 3*x + 1. Determine u(c).
7
Let a(u) = -2*u + 2. Let v(t) = -t**2 - 8*t + 1. Let k be v(-8). Let g be (-3 + 3)*(k - 2). Suppose 4*h - 12 = -g*h. Calculate a(h).
-4
Let g(d) be the second derivative of d**3/2 + d**2 - 2*d. Suppose -5*q = -8*q + 57. Suppose 4*t = 12, -7*b + 2*b - q = -3*t. What is g(b)?
-4
Suppose 0 = 2*z + 4. Let p(n) = -5*n**2 - 2*n - 2. Let o be p(z). Let l be 14/6 - 12/o. Let d(c) = c**3 - 5*c**2 + 4*c - 2. Give d(l).
-8
Let j = -3 - -3. Suppose j*t + 5 = t + 2*o, 8 = -4*t - o. Let l(q) be the second derivative of -q**4/12 - q**3/3 - 4*q. What is l(t)?
-3
Suppose 0 = -5*f + 12 - 2. Let u(q) = -q**3 - q**2 + 5*q - 3. Let s(v) = -v**3 - v**2 + 6*v - 4. Let w(j) = 4*s(j) - 5*u(j). Calculate w(f).
9
Let g(m) = -m**3 + 4*m**2 + 5. Let c be g(4). Let q(f) = -1 + 0 - f - 2*f**3 + f**3 + f**2 - c*f**3. What is q(-1)?
7
Let l(w) = 2*w**2 - 3*w - 4. Suppose g = -2*g + 9. Let s(h) = h**2 - 2*h. Let o be s(g). Calculate l(o).
5
Let c(h) = -h**3 + 7*h**2 - 4*h - 8. Let u be c(6). Suppose n = -n + u. Let p(o) = -2*o + 4 - n + 3. Determine p(5).
-5
Let l(k) be the first derivative of 3*k**2/2 + 3*k + 16. Determine l(4).
15
Let t(q) = -q**2 + 4*q + 2. Let b(f) = f**3 - 12*f**2 + 13*f - 15. Let h be b(11). Suppose -h*m + 3*m + 15 = x, 0 = -3*m + 3*x + 15. Determine t(m).
2
Let d(t) = 4*t + 5. Let i(b) = -b + 1. Let r(s) = -d(s) - 2*i(s). What is r(-5)?
3
Let b(n) = 4*n**3 + 2*n**2 - n - 11. Let f(q) = 3*q**3 + 3*q**2 - q - 10. Let w(g) = 4*b(g) - 5*f(g). What is w(6)?
-24
Let t(o) = o**2 - 7*o - 1. Let i(w) = -w**2 + 7*w - 9. Let m be i(4). Suppose 12 = 5*x - m*x. Determine t(x).
-7
Let i(h) be the second derivative of h**5/20 - h**4/4 - 5*h**3/6 + 5*h**2/2 + 30*h. What is i(4)?
1
Let y(x) = -x**2 + 4*x - 4. Suppose p - 2*p - 17 = -3*s, 2*s = -3*p + 4. What is y(s)?
-9
Let n(c) = -1 + 6 - 7*c - 6 + c**2. What is n(5)?
-11
Let x(z) = 5*z + 3 - 1 + 3 - 4. Let y(l) = l**3 - l**2 + 5. Let o be y(0). Suppose 1 - o = -4*v. What is x(v)?
6
Let r be (-1)/(-4) + 217/28. Let q(p) = p**2 - 6*p - 7. Give q(r).
9
Let d be 0 + 1/((-3)/(-9)). Let i(z) = z**3 - 1 - 3*z**d + z**3 - 3. Suppose -3*f + 4*f + 8 = -2*r, f + 4*r + 16 = 0. Determine i(f).
-4
Let u(p) = p**3 + 2*p**2 + 3*p + 2. Suppose 0 = 3*o + 5*x - 10, 1 = -5*o - 2*x + 5. Let i = 2 + o. Suppose -2*d + i = -3*d. Calculate u(d).
-4
Let o(g) = -g**3 - 3*g**2 - 2*g - 3. Let j be o(-3). Let i(k) = -k + 3. Determine i(j).
0
Suppose 0 = -3*q - 7 - 11. Let i(v) = -v - 4. Calculate i(q).
2
Suppose 2*s + 4 = -3*j, 0 = 4*s + s - 2*j + 10. Let y be 5*(s - 1)/(-3). Suppose 15 = -3*g, -c - 15 = 4*c + y*g. Let w(l) = -l**2 - 1. Give w(c).
-5
Suppose 4*c = -4*g + 116, -3*g + 6*g - 3*c = 63. Suppose 5*x = -0*x + 2*y + g, 0 = -3*y - 15. Let b(j) = j + x - 2*j - 6. Give b(-4).
1
Let m(q) = -4*q**2 + 9*q - 7. Let y(x) = 3*x**2 - 8*x + 7. Suppose 5 = 5*w, -10 = 4*h + 4*w - 2. Let i(l) = h*y(l) - 2*m(l). What is i(6)?
-7
Let i(p) be the first derivative of -3*p + 6 + 2*p**2 + 1/4*p**4 + 5/3*p**3. What is i(-4)?
-3
Let d(a) = a**3 - 4*a**2 + 1. Let v = 13 + -10. Calculate d(v).
-8
Let z(g) = -g**2 + g. Let f(n) = -4*n + 4*n**3 + 4*n**2 - 3*n**3 - 2 + 2*n. Let x be f(-4). Let y be (3/x)/((-1)/(-2)). Determine z(y).
0
Let l(a) = -a + 3. Suppose -4*j - 10 = 2, -2*w - j + 15 = 0. Let p be l(w). Let s(o) = o. What is s(p)?
-6
Let j(z) be the second derivative of z**3/6 + 2*z**2 + 2*z. Let s(u) = 3*u**3 - u**2 + 3*u + 3. Let t be s(3). Let p be 10/(-55) - t/22. Give j(p).
0
Suppose -4*g = -5*n - 45, 4*g + 2*n - n = 39. Let v = -4 + 11. Let k = g - v. Let r(h) = h**2 - h - 4. Give r(k).
2
Let l(v) = v**2 - v - 3. Let c(m) = -m**2 + m + 4. Let u(k) = -4*c(k) - 5*l(k). What is u(0)?
-1
Suppose -4*g - 16 = 0, 0 = -4*s - 4*g + 3*g. Let m(c) = 21 - 2*c + 0*c - 17 - 3 + 13*c**2. Calculate m(s).
12
Suppose 5*n = -5 - 10. Let k(h) = 3*h**3 - 4*h**3 + 3*h + 1 - 2*h - 3*h**2. Calculate k(n).
-2
Suppose -2*c - 6 = -3*m, 2*m - 3*m + 2 = 0. Let q(i) = -i**2 + i + 2. What is q(c)?
2
Suppose 2 = -3*d + 5. Let f(o) = -5*o + d - 2*o + 2*o. What is f(1)?
-4
Let c be 3 + -3 - (4 - 2). Let i(y) = 2*y + 3 - y**2 - 1 + 0*y**3 + 1 - y**3. Give i(c).
3
Let i(f) be the third derivative of -f**4/24 + 2*f**3/3 - 7*f**2. Calculate i(5).
-1
Let q(i) = -8*i**2 - 2*i - 1. Let r be 4/(-8) - (-11)/2. Suppose -3*z + 4*z = -4*a - r, -a - 5 = 4*z. Calculate q(z).
-7
Let v(g) be the first derivative of -g**2/2 - 2*g + 13. What is v(-4)?
2
Suppose -2*o + 2*d + 20 = 0, -4*o = -o + 4*d - 9. Let h(c) = 85*c**3 - 7 - 84*c**3 - 6*c**2 + 0*c**2 - 5*c. Give h(o).
7
Let s(w) be the second derivative of -w**6/360 - w**5/40 - w**4/8 + w**3/3 - 2*w. Let j(g) be the second derivative of s(g). Calculate j(-2).
-1
Suppose 42 = 5*s - 13. Let q be 4/(-2) + s + -6. Let v(l) = -2*l**q + 4*l**3 + 2*l**3 - l**2 - 2*l - 2*l**3. Calculate v(2).
8
Let l(o) = o - 2. Let w = 12 + -35. Let a = -14 - w. Let b = -13 + a. Determine l(b).
-6
Let x be 3*1*(-1 - -2). Let d(s) = -s - 2. Let q(p) = -p - 1. Let j be (-42)/(-4)*(-4)/(-6). Let z(l) = j*q(l) - 6*d(l). Determine z(x).
2
Let j(u) be the third derivative of -u**5/60 - u**4/6 - u**3/2 + u**2. Let a be j(-3). Let p(n) = 0*n + 1 + a*n + 0 - n. Give p(4).
-3
Let p(v) = -5*v**2 - v + 1. Let k be (-2)/3 - (-8)/(-6). Calculate p(k).
-17
Let d(g) = g + 3. Let v be d(-5). Let k(p) be the first derivative of -p**4/4 + 2*p**3/3 + p**2 - 2*p + 2. Calculate k(v).
10
Let b(v) be the third derivative of -7*v**4/24 - 13*v**2. Give b(1).
-7
Let p(h) be the second derivative of h**5/20 - 7*h**4/12 + 5*h**3/6 - 7*h. Calculate p(6).
-6
Suppose t + 3*t - 36 = 0. Let a be ((-12)/9)/(-4)*t. Let o(r) = -6*r**2 - 4*r**a + 7*r**2 + 3*r**3. What is o(-1)?
2
Suppose -5 = -o - 2. Let v = 2 + o. Let g(b) = -b + 6. Calculate g(v).
1
Let t be ((-1)/(-2) - 0)*2. Let y = t - 1. Let a(s) = -s**2 - 4. Calculate a(y).
-4
Let m = 1 + 0. Let p = m - -2. Let a(v) = 2*v**3 - 10*v**2 + 8*v - 3. Let t(w) = -w**3 + 5*w**2 - 4*w + 2. Let f(y) = -3*a(y) - 5*t(y). Calculate f(p).
5
Let t(y) be the second derivative of y**6/180 - 7*y**5/120 - y**4/12 + 3*y. Let s(k) be the third derivative of t(k). Determine s(5).
13
Let j be (-1*(-6)/(-18))/((-1)/(-3)). Let f(l) = 11*l**3 + 5*l**2 - 4*l + 4. Let g(v) = v**3 + v**2 - v + 1. Let z(k) = f(k) - 4*g(k). Give z(j).
-6
Let v(s) = s**3 + 5*s**2 - 4*s - 7. Let z(i) = i**2 + 1. Let m be z(-1). Suppose m*r + 5 = -5. Determine v(r).
13
Let u = -8 - -4. Let k(o) be the third derivative of -o**6/120 - o**5/15 - o**4/8 - 2*o**3/3 + 24*o**2. Calculate k(u).
8
Suppose g = -3*g + 12. Suppose 0 = -4*v + 4*r, -4*r + g = -v - 4*v. Let z(b) = 2*b - 1. What is z(v)?
-7
Let w(p) = -p. Suppose 0 = -2*s + 2*l + l + 10, 2*s + 3*l = -2. Calculate w(s).
-2
Let q(h) = -h - 1. Let g(t) = -10*t + 1. Let a(y) = 5*y. Let z(w) = -w. Let v be z(4). Let b(r) = v*g(r) - 9*a(r). Let k(c) = b(c) - 3*q(c). Determine k(-2).
3
Let k(p) = -p + 2. Let j be k(0). Suppose x - j*x = 0. Suppose 5*d - 3 + x = -4*m, 5*d - 5 = -5*m. Let z(t) = t**2 - 4*t + 